 -y**4/6 - 13*y**3/2 + 14*y**2 - 2*y - 23. What are the prime factors of c(-18)?
2, 41
Let v(z) = 7*z**2 - 9*z + 18. Suppose -2*y - 3*l = 29, -3*l + 20 = -7*l. List the prime factors of v(y).
2, 53
What are the prime factors of (-7 - -1)/(1148/771292*(-4)/14)?
3, 4703
Let b(z) = -z**3 + 5*z**2 + 6*z + 4. Suppose 0 = 6*u - 9*u + 18. Let c be b(u). Suppose -c*y = -16, -2*r + y + 196 = -3*y. What are the prime factors of r?
2, 53
Let d = -3030 + 3951. List the prime factors of d.
3, 307
Suppose -3*f + 55092 = -66*x + 69*x, 0 = 5*f - 3*x - 91860. List the prime factors of f.
3, 13, 157
Let x be 3 + -1 - (-4)/(-1 - 1). Suppose x = 9*l + l - 20. Suppose 4*d = 3*h + 286 + 80, l*h = d - 89. What are the prime factors of d?
3, 31
Let a be -1142*-2*(-5)/(-20). Suppose -2*f = -2*i + 3*f + a, -551 = -2*i + f. Let y = i - 143. List the prime factors of y.
2, 5, 13
Suppose -58470 = -11*c - 6638. List the prime factors of c.
2, 19, 31
Let i = -26 - -1. Let u = i - -57. Suppose 8*c - 4*c - u = 0. What are the prime factors of c?
2
Let o(p) be the third derivative of p**6/120 + 2*p**5/15 - p**4/8 - 2*p**3 - 11*p**2. Let f be o(-8). Suppose 0 = 3*u - 54 - f. What are the prime factors of u?
2, 11
Let u(q) = -36*q**3 + 3*q**2 - 2*q - 3. Let p be u(-1). Suppose 0*f + f = -2*b + p, -66 = -3*b + 3*f. List the prime factors of 24*(-2 + 125/b).
2, 3, 17
Let u(l) = 7*l + 14. Let q be u(4). Suppose k = 8*k + q. What are the prime factors of 67 - (10/k + (-4)/(-6))?
2, 17
What are the prime factors of ((-5)/(-1))/(3/(3496 + 2))?
2, 5, 11, 53
Let h(i) = 70*i**2 + 13*i - 158. What are the prime factors of h(-8)?
2, 3, 19, 37
Let k be 3/2*28/6. Let s = 1180 - 1174. Suppose s*n + k*n - 1391 = 0. What are the prime factors of n?
107
Let i(l) be the third derivative of l**6/5 + l**4/2 - 11*l**3/3 + 116*l**2 + l. List the prime factors of i(3).
2, 331
Let o be (2/12)/(-1) - (-91091)/66. Let r = o - 773. Suppose 3*c = -g + r, -c = -6*c - 4*g + 1014. What are the prime factors of c?
2, 101
Let r(w) be the second derivative of -205*w**3/6 + w**2/2 + 19*w + 5. Let p = -17 - -16. What are the prime factors of r(p)?
2, 103
Let h = 34 + -38. List the prime factors of ((6008 + 4)/6)/(-2 - h).
3, 167
Let x(a) be the second derivative of -a**5/20 - 17*a**4/6 - 73*a**3/6 - 12*a**2 + 29*a. What are the prime factors of x(-32)?
2, 3, 11
Let u(p) = p**3 - 21*p**2 - 31*p + 9. Let j be u(23). Let y = 167 + j. Suppose -3*v + 3*m + 519 = 0, -3*v + 0*v + 5*m = -y. List the prime factors of v.
2, 43
Suppose 2*n - 6*n = -5*y + 103067, -2*y + 5*n + 41203 = 0. List the prime factors of y.
3, 29, 79
Let n(g) = g + 16. Let z(o) = o**2 + 10*o + 13. Let m be z(-6). Let c be n(m). List the prime factors of (-603)/(-3)*c/15.
67
Let x(l) = -18*l - 6. Let r be x(-1). What are the prime factors of r/(-8)*(-9772)/21?
2, 349
Suppose 2*x = d - 17, 0 = -4*d - x + 23 + 9. What are the prime factors of d + 88 + (-49)/(-7)?
2, 13
Suppose w = 5*w + 56. Suppose -2*d = -6*d - 148. Let c = w - d. What are the prime factors of c?
23
Let u = -8843 + 10064. What are the prime factors of u?
3, 11, 37
What are the prime factors of (-45781090)/(-1962) - (-2)/18?
2, 3, 3889
Let z = 914 - 522. Let q = z - -234. What are the prime factors of q?
2, 313
Suppose 0 = -3*j, 5*j = 3*h - 0*j - 18. Suppose -h*l = -8*l + 4. Suppose 5*z - l*a = 533, -433 = -4*z + 4*a - 9*a. List the prime factors of z.
107
Let w = 62379 + -32681. What are the prime factors of w?
2, 31, 479
Let q be 3/6 + (-1071)/14. Let a = 191 + q. What are the prime factors of a?
5, 23
Suppose -10*y = -6*y - 424. Suppose -36 = 7*o - y. Suppose o*t = 13*t - 171. List the prime factors of t.
3, 19
Suppose 12*m = 5*m + 7. Let r be 23 + -1 - (2 - (-3 + m)). List the prime factors of 21*(2/(-7) + r/14).
3, 7
Let h(n) = n**3 + 10*n**2 + 7*n + 17. Suppose -24 = 36*a - 33*a. Let i be h(a). Suppose 34 = 3*f - i. List the prime factors of f.
41
Suppose -3*r + 13061 + 8489 = 2*d, -21550 = -2*d + 3*r. Suppose -18*p + d = 7*p. What are the prime factors of p?
431
Let z(p) = p**2 - 3*p + 8. Let d be 4 + (8/(-2))/4. Suppose -3*r = -m - m - 5, 0 = r - 3*m + d. What are the prime factors of z(r)?
2
Suppose 3*h = 2*z - 32, 3*h - 43 = 5*z - 123. Suppose 6*l - 5*l - 20 = 0. Suppose -l*v + 256 = -z*v. What are the prime factors of v?
2
Let u be ((-7)/4)/(0 - (-4)/(-16)). Let i(s) = 47*s - 70. What are the prime factors of i(u)?
7, 37
Let o(v) = -14*v - 75. Let y be o(-9). Let d = 335 - y. What are the prime factors of d?
2, 71
What are the prime factors of (-115482)/(-9) - (5/(-6))/(365/292)?
2, 401
Let p = 81189 - 38430. List the prime factors of p.
3, 4751
Let s = -33 + 39. Let i(z) = 14*z**2 + 21*z - 6. Let q be i(s). Suppose 276 = 6*j - q. List the prime factors of j.
2, 3, 5
Let y(z) = 2*z - 22. Let p(w) = -w - 1. Let k(r) = -8*p(r) - y(r). Let g(n) = 10*n + 241. Let x be g(-23). List the prime factors of k(x).
2, 3
Let d = -33 - -39. Let y(z) = -35*z + 15. Let k(s) = 7*s - 3. Let u(v) = 11*k(v) + 2*y(v). What are the prime factors of u(d)?
3, 13
Suppose 2*w = t + 45633, -31*w - 4*t + 22794 = -30*w. List the prime factors of w.
2, 11, 17, 61
List the prime factors of 9/144 + 52125/48.
2, 3, 181
Let r(a) = -a**3 - 5*a**2 - 2*a - 4. Let y be r(-5). Let j = y - 1. Suppose j*z = 407 - 57. List the prime factors of z.
2, 5, 7
Let i(y) = 2135*y + 157. What are the prime factors of i(4)?
3, 13, 223
Let i = 105 - 83. Suppose 163 = i*c - 849. List the prime factors of c.
2, 23
Suppose 74 = -24*y - 598. List the prime factors of (-1668)/y + 3 + (-20)/35.
2, 31
Suppose 5*z = -2*y + 8 + 20, -4*z + 8 = -2*y. Suppose z*u - 3*a - 151 - 261 = 0, -412 = -4*u - 5*a. Let f = -53 + u. List the prime factors of f.
2, 5
Let b(o) = o**2 + 16*o + 11. Let s be b(-5). What are the prime factors of ((-87)/(-2)*-1)/(6/s)?
11, 29
Suppose 2*y = -3 + 7. Let m(w) = -7*w**y + 10*w - 4 + 0*w**2 + 5*w**2 + w**2. List the prime factors of m(7).
17
Suppose 0 = 4*z + 3*q + 4, 5*z = -3*q - 4 - 1. List the prime factors of z/2 + (4254/12 - 1).
353
List the prime factors of ((-148)/(-18) + -1 + 224/(-1008))*1167.
3, 7, 389
Suppose -5*n + 3*w - w = -8, w + 4 = -n. What are the prime factors of n/(2/((-6)/(-3))) - -509?
509
Let c(k) = -42 + 62*k**2 - 51*k**2 - 5*k + 2*k + 49*k**2 + 56*k**2. What are the prime factors of c(-4)?
2, 11, 83
Let p(d) = d**2 - 8*d + 3. Let g(i) be the second derivative of -i**3/3 + 3*i**2 + 8*i. Let z be g(-2). List the prime factors of p(z).
23
Let n be (-2)/(-7) - (-7)/(294/(-12)). Suppose -8*y + y + 3234 = n. What are the prime factors of y?
2, 3, 7, 11
Suppose 0 = -35*i + 32*i + 30. Let h(s) = s**3 - 11*s**2 + 12*s - 15. Let r be h(i). What are the prime factors of (14/(-105)*-126)/(1/r)?
2, 3, 7
Suppose -290344 = 120*k - 789064. List the prime factors of k.
2, 1039
Let p(s) = -s**2 - s + 11. Let c be (2/(-6) + 0)*15. Let j be p(c). Let m = 27 + j. List the prime factors of m.
2, 3
Let c(o) = -o**2 - 98*o - 218. What are the prime factors of c(-26)?
2, 827
Suppose -2732703 = -66*h + 2460441. List the prime factors of h.
2, 3, 79, 83
Suppose c = -3*c + c. Let m(b) = b**3 + 2*b**2 + 7*b + 213. List the prime factors of m(c).
3, 71
Suppose 0 = 72*v - 305682 - 804198. List the prime factors of v.
5, 3083
Let w be 51/12 + 1/(-4). Suppose -w*x - l = 3*l + 16, -l = -x + 4. List the prime factors of (5 - 4) + 4 + x.
5
Let t be -2 + (-1 + 6)/1. Suppose h - t*m + 45 = 0, 6*h - 2*h + 2*m = -138. List the prime factors of ((h/8)/3)/(1/(-32)).
2, 3
Suppose -5*t = 3*i - 4420, -5*t - 13*i + 4450 = -16*i. What are the prime factors of t?
887
Let n = -5 - -14. Let u(t) = 9*t**2 - 10*t - 11. Let r be u(n). Suppose 0 = d + 2*p - 152, 4*d - 2*p - r = -0*p. List the prime factors of d.
2, 3, 13
Suppose -g - g - 4*s = 90, -69 = 2*g - 3*s. Let u = -53 - g. List the prime factors of -2 - (963/(-21) - (-2)/u).
2, 11
Let p(k) be the third derivative of -k**5/60 - 8*k**4/3 - 22*k**3/3 - 152*k**2 - 1. What are the prime factors of p(-17)?
5, 151
Let j = 10587 + -2213. List the prime factors of j.
2, 53, 79
List the prime factors of (-26106)/(-21) - (-16)/(-2240)*20.
11, 113
Let d be (-4 - -1*2)/((-4)/318). Suppose -5*r = -d + 19. Let y = r - -63. List the prime factors of y.
7, 13
Suppose -384 = -4*p - 2*b, -5*p + 2*p